{"id":69,"date":"2025-08-26T09:18:16","date_gmt":"2025-08-26T09:18:16","guid":{"rendered":"http:\/\/nsitple.cluster031.hosting.ovh.net\/?page_id=69"},"modified":"2025-09-02T12:21:59","modified_gmt":"2025-09-02T12:21:59","slug":"contact","status":"publish","type":"page","link":"https:\/\/www.saucissonlyonnaisasso.fr\/index.php\/contact\/","title":{"rendered":"Contact"},"content":{"rendered":"\t\t<div data-elementor-type=\"wp-page\" data-elementor-id=\"69\" class=\"elementor elementor-69\">\n\t\t\t\t<div class=\"elementor-element elementor-element-894b849 e-flex e-con-boxed e-con e-parent\" data-id=\"894b849\" data-element_type=\"container\">\n\t\t\t\t\t<div class=\"e-con-inner\">\n\t\t\t\t<div class=\"elementor-element elementor-element-f5b628a elementor-widget elementor-widget-html\" data-id=\"f5b628a\" data-element_type=\"widget\" data-widget_type=\"html.default\">\n\t\t\t\t\t<div style=\"margin:20px 0;padding:20px;border:2px solid #7b0f14;border-radius:16px;background:#fff8f6;box-shadow:0 4px 12px rgba(0,0,0,.08);text-align:center;\">\n  <p style=\"font-size:1.2rem;color:#7b0f14;font-weight:700;margin-bottom:10px;\">\n    \ud83e\uddb8 Rejoignez la mission des super-organisateurs&nbsp;!\n  <\/p>\n  <p style=\"margin:0;font-size:1rem;color:#333;line-height:1.5;\">\n    C\u2019est <strong>ici<\/strong> que nos h\u00e9ros prennent contact pour obtenir plus d\u2019informations<br>\n    et d\u00e9bloquer leurs <span style=\"color:#7b0f14;font-weight:600;\">tarifs secrets<\/span> d\u00e9di\u00e9s aux \u00e9coles et associations.\n  <\/p>\n<\/div>\n\t\t\t\t<\/div>\n\t\t\t\t<div class=\"elementor-element elementor-element-a91ab00 elementor-widget elementor-widget-shortcode\" data-id=\"a91ab00\" data-element_type=\"widget\" data-widget_type=\"shortcode.default\">\n\t\t\t\t\t\t\t<div class=\"elementor-shortcode\">\n<div class=\"wpcf7 no-js\" id=\"wpcf7-f238-o1\" lang=\"fr-FR\" dir=\"ltr\" data-wpcf7-id=\"238\">\n<div class=\"screen-reader-response\"><p role=\"status\" aria-live=\"polite\" aria-atomic=\"true\"><\/p> <ul><\/ul><\/div>\n<form action=\"\/index.php\/wp-json\/wp\/v2\/pages\/69#wpcf7-f238-o1\" method=\"post\" class=\"wpcf7-form init\" aria-label=\"Formulaire de contact\" novalidate=\"novalidate\" data-status=\"init\">\n<fieldset class=\"hidden-fields-container\"><input type=\"hidden\" name=\"_wpcf7\" value=\"238\" \/><input type=\"hidden\" name=\"_wpcf7_version\" value=\"6.1.5\" \/><input type=\"hidden\" name=\"_wpcf7_locale\" value=\"fr_FR\" \/><input type=\"hidden\" name=\"_wpcf7_unit_tag\" value=\"wpcf7-f238-o1\" \/><input type=\"hidden\" name=\"_wpcf7_container_post\" value=\"0\" \/><input type=\"hidden\" name=\"_wpcf7_posted_data_hash\" value=\"\" \/>\n<\/fieldset>\n<p>Pr\u00e9nom (obligatoire)<br \/>\n<span class=\"wpcf7-form-control-wrap\" data-name=\"prenom\"><input size=\"40\" maxlength=\"400\" class=\"wpcf7-form-control wpcf7-text wpcf7-validates-as-required\" aria-required=\"true\" aria-invalid=\"false\" placeholder=\"Pr\u00e9nom\" value=\"\" type=\"text\" name=\"prenom\" \/><\/span>\n<\/p>\n<p>Nom (obligatoire)<br \/>\n<span class=\"wpcf7-form-control-wrap\" data-name=\"nom\"><input size=\"40\" maxlength=\"400\" class=\"wpcf7-form-control wpcf7-text wpcf7-validates-as-required\" aria-required=\"true\" aria-invalid=\"false\" placeholder=\"Nom\" value=\"\" type=\"text\" name=\"nom\" \/><\/span>\n<\/p>\n<p>Num\u00e9ro de t\u00e9l\u00e9phone (obligatoire)<br \/>\n<span class=\"wpcf7-form-control-wrap\" data-name=\"telephone\"><input size=\"40\" maxlength=\"400\" class=\"wpcf7-form-control wpcf7-tel wpcf7-validates-as-required wpcf7-text wpcf7-validates-as-tel\" aria-required=\"true\" aria-invalid=\"false\" placeholder=\"06 12 34 56 78\" value=\"\" type=\"tel\" name=\"telephone\" \/><\/span>\n<\/p>\n<p>Votre e-mail (obligatoire)<br \/>\n<span class=\"wpcf7-form-control-wrap\" data-name=\"your-email\"><input size=\"40\" maxlength=\"400\" class=\"wpcf7-form-control wpcf7-email wpcf7-validates-as-required wpcf7-text wpcf7-validates-as-email\" aria-required=\"true\" aria-invalid=\"false\" placeholder=\"exemple@email.com\" value=\"\" type=\"email\" name=\"your-email\" \/><\/span>\n<\/p>\n<p>Sujet (obligatoire)<br \/>\n<span class=\"wpcf7-form-control-wrap\" data-name=\"your-subject\"><input size=\"40\" maxlength=\"400\" class=\"wpcf7-form-control wpcf7-text wpcf7-validates-as-required\" aria-required=\"true\" aria-invalid=\"false\" placeholder=\"Objet de votre demande\" value=\"\" type=\"text\" name=\"your-subject\" \/><\/span>\n<\/p>\n<p>Vous \u00eates (obligatoire) :<br \/>\n<span class=\"wpcf7-form-control-wrap\" data-name=\"type-client\"><select class=\"wpcf7-form-control wpcf7-select wpcf7-validates-as-required\" aria-required=\"true\" aria-invalid=\"false\" name=\"type-client\"><option value=\"\">&#8212;Veuillez choisir une option&#8212;<\/option><option value=\"\u00c9cole\">\u00c9cole<\/option><option value=\"Association\">Association<\/option><option value=\"Autre\">Autre<\/option><\/select><\/span>\n<\/p>\n<p>Nom de l\u2019\u00e9cole ou de l\u2019association (obligatoire)<br \/>\n<span class=\"wpcf7-form-control-wrap\" data-name=\"organisation\"><input size=\"40\" maxlength=\"400\" class=\"wpcf7-form-control wpcf7-text wpcf7-validates-as-required\" aria-required=\"true\" aria-invalid=\"false\" placeholder=\"Nom de l\u2019\u00e9tablissement ou de l\u2019association\" value=\"\" type=\"text\" name=\"organisation\" \/><\/span>\n<\/p>\n<p>Message (obligatoire)<br \/>\n<span class=\"wpcf7-form-control-wrap\" data-name=\"your-message\"><textarea cols=\"40\" rows=\"10\" maxlength=\"2000\" class=\"wpcf7-form-control wpcf7-textarea wpcf7-validates-as-required\" aria-required=\"true\" aria-invalid=\"false\" placeholder=\"\u00c9crivez votre message ici...\" name=\"your-message\"><\/textarea><\/span>\n<\/p>\n<p><input class=\"wpcf7-form-control wpcf7-submit has-spinner\" type=\"submit\" value=\"Envoyer\" \/>\n<\/p><div class=\"wpcf7-response-output\" aria-hidden=\"true\"><\/div>\n<\/form>\n<\/div>\n<\/div>\n\t\t\t\t\t\t<\/div>\n\t\t\t\t\t<\/div>\n\t\t\t\t<\/div>\n\t\t\t\t<\/div>\n\t\t","protected":false},"excerpt":{"rendered":"<p>\ud83e\uddb8 Rejoignez la mission des super-organisateurs&nbsp;! C\u2019est ici que nos h\u00e9ros prennent contact pour obtenir plus d\u2019informations et d\u00e9bloquer leurs tarifs secrets d\u00e9di\u00e9s aux \u00e9coles et associations.<\/p>\n","protected":false},"author":1,"featured_media":0,"parent":0,"menu_order":0,"comment_status":"closed","ping_status":"closed","template":"","meta":{"footnotes":""},"class_list":["post-69","page","type-page","status-publish"],"yoast_head":"<!-- This site is optimized with the Yoast SEO plugin v25.8 - https:\/\/yoast.com\/wordpress\/plugins\/seo\/ -->\n<title>Contact - Saucisson Lyonnais Asso<\/title>\n<meta name=\"robots\" content=\"index, follow, max-snippet:-1, max-image-preview:large, max-video-preview:-1\" \/>\n<link rel=\"canonical\" href=\"https:\/\/www.saucissonlyonnaisasso.fr\/index.php\/contact\/\" \/>\n<meta property=\"og:locale\" content=\"fr_FR\" \/>\n<meta property=\"og:type\" content=\"article\" \/>\n<meta property=\"og:title\" content=\"Contact - Saucisson Lyonnais Asso\" \/>\n<meta property=\"og:description\" content=\"\ud83e\uddb8 Rejoignez la mission des super-organisateurs&nbsp;! C\u2019est ici que nos h\u00e9ros prennent contact pour obtenir plus d\u2019informations et d\u00e9bloquer leurs tarifs secrets d\u00e9di\u00e9s aux \u00e9coles et associations.\" \/>\n<meta property=\"og:url\" content=\"https:\/\/www.saucissonlyonnaisasso.fr\/index.php\/contact\/\" \/>\n<meta property=\"og:site_name\" content=\"Saucisson Lyonnais Asso\" \/>\n<meta property=\"article:publisher\" content=\"https:\/\/www.facebook.com\/saucissonlyonnais\/?locale=fr_FR\" \/>\n<meta property=\"article:modified_time\" content=\"2025-09-02T12:21:59+00:00\" \/>\n<meta name=\"twitter:card\" content=\"summary_large_image\" \/>\n<meta name=\"twitter:label1\" content=\"Dur\u00e9e de lecture estim\u00e9e\" \/>\n\t<meta name=\"twitter:data1\" content=\"1 minute\" \/>\n<script type=\"application\/ld+json\" class=\"yoast-schema-graph\">{\"@context\":\"https:\/\/schema.org\",\"@graph\":[{\"@type\":\"WebPage\",\"@id\":\"https:\/\/www.saucissonlyonnaisasso.fr\/index.php\/contact\/\",\"url\":\"https:\/\/www.saucissonlyonnaisasso.fr\/index.php\/contact\/\",\"name\":\"Contact - Saucisson Lyonnais Asso\",\"isPartOf\":{\"@id\":\"https:\/\/www.saucissonlyonnaisasso.fr\/#website\"},\"datePublished\":\"2025-08-26T09:18:16+00:00\",\"dateModified\":\"2025-09-02T12:21:59+00:00\",\"breadcrumb\":{\"@id\":\"https:\/\/www.saucissonlyonnaisasso.fr\/index.php\/contact\/#breadcrumb\"},\"inLanguage\":\"fr-FR\",\"potentialAction\":[{\"@type\":\"ReadAction\",\"target\":[\"https:\/\/www.saucissonlyonnaisasso.fr\/index.php\/contact\/\"]}]},{\"@type\":\"BreadcrumbList\",\"@id\":\"https:\/\/www.saucissonlyonnaisasso.fr\/index.php\/contact\/#breadcrumb\",\"itemListElement\":[{\"@type\":\"ListItem\",\"position\":1,\"name\":\"Accueil\",\"item\":\"https:\/\/www.saucissonlyonnaisasso.fr\/\"},{\"@type\":\"ListItem\",\"position\":2,\"name\":\"Contact\"}]},{\"@type\":\"WebSite\",\"@id\":\"https:\/\/www.saucissonlyonnaisasso.fr\/#website\",\"url\":\"https:\/\/www.saucissonlyonnaisasso.fr\/\",\"name\":\"Saucisson Lyonnais Asso\",\"description\":\"\",\"publisher\":{\"@id\":\"https:\/\/www.saucissonlyonnaisasso.fr\/#organization\"},\"potentialAction\":[{\"@type\":\"SearchAction\",\"target\":{\"@type\":\"EntryPoint\",\"urlTemplate\":\"https:\/\/www.saucissonlyonnaisasso.fr\/?s={search_term_string}\"},\"query-input\":{\"@type\":\"PropertyValueSpecification\",\"valueRequired\":true,\"valueName\":\"search_term_string\"}}],\"inLanguage\":\"fr-FR\"},{\"@type\":\"Organization\",\"@id\":\"https:\/\/www.saucissonlyonnaisasso.fr\/#organization\",\"name\":\"Saucisson Lyonnais Asso\",\"url\":\"https:\/\/www.saucissonlyonnaisasso.fr\/\",\"logo\":{\"@type\":\"ImageObject\",\"inLanguage\":\"fr-FR\",\"@id\":\"https:\/\/www.saucissonlyonnaisasso.fr\/#\/schema\/logo\/image\/\",\"url\":\"https:\/\/www.saucissonlyonnaisasso.fr\/wp-content\/uploads\/2025\/08\/cropped-ChatGPT-Image-21-mai-2025-20_15_05.png\",\"contentUrl\":\"https:\/\/www.saucissonlyonnaisasso.fr\/wp-content\/uploads\/2025\/08\/cropped-ChatGPT-Image-21-mai-2025-20_15_05.png\",\"width\":512,\"height\":512,\"caption\":\"Saucisson Lyonnais Asso\"},\"image\":{\"@id\":\"https:\/\/www.saucissonlyonnaisasso.fr\/#\/schema\/logo\/image\/\"},\"sameAs\":[\"https:\/\/www.facebook.com\/saucissonlyonnais\/?locale=fr_FR\"]}]}<\/script>\n<!-- \/ Yoast SEO plugin. -->","yoast_head_json":{"title":"Contact - Saucisson Lyonnais Asso","robots":{"index":"index","follow":"follow","max-snippet":"max-snippet:-1","max-image-preview":"max-image-preview:large","max-video-preview":"max-video-preview:-1"},"canonical":"https:\/\/www.saucissonlyonnaisasso.fr\/index.php\/contact\/","og_locale":"fr_FR","og_type":"article","og_title":"Contact - Saucisson Lyonnais Asso","og_description":"\ud83e\uddb8 Rejoignez la mission des super-organisateurs&nbsp;! C\u2019est ici que nos h\u00e9ros prennent contact pour obtenir plus d\u2019informations et d\u00e9bloquer leurs tarifs secrets d\u00e9di\u00e9s aux \u00e9coles et associations.","og_url":"https:\/\/www.saucissonlyonnaisasso.fr\/index.php\/contact\/","og_site_name":"Saucisson Lyonnais Asso","article_publisher":"https:\/\/www.facebook.com\/saucissonlyonnais\/?locale=fr_FR","article_modified_time":"2025-09-02T12:21:59+00:00","twitter_card":"summary_large_image","twitter_misc":{"Dur\u00e9e de lecture estim\u00e9e":"1 minute"},"schema":{"@context":"https:\/\/schema.org","@graph":[{"@type":"WebPage","@id":"https:\/\/www.saucissonlyonnaisasso.fr\/index.php\/contact\/","url":"https:\/\/www.saucissonlyonnaisasso.fr\/index.php\/contact\/","name":"Contact - Saucisson Lyonnais Asso","isPartOf":{"@id":"https:\/\/www.saucissonlyonnaisasso.fr\/#website"},"datePublished":"2025-08-26T09:18:16+00:00","dateModified":"2025-09-02T12:21:59+00:00","breadcrumb":{"@id":"https:\/\/www.saucissonlyonnaisasso.fr\/index.php\/contact\/#breadcrumb"},"inLanguage":"fr-FR","potentialAction":[{"@type":"ReadAction","target":["https:\/\/www.saucissonlyonnaisasso.fr\/index.php\/contact\/"]}]},{"@type":"BreadcrumbList","@id":"https:\/\/www.saucissonlyonnaisasso.fr\/index.php\/contact\/#breadcrumb","itemListElement":[{"@type":"ListItem","position":1,"name":"Accueil","item":"https:\/\/www.saucissonlyonnaisasso.fr\/"},{"@type":"ListItem","position":2,"name":"Contact"}]},{"@type":"WebSite","@id":"https:\/\/www.saucissonlyonnaisasso.fr\/#website","url":"https:\/\/www.saucissonlyonnaisasso.fr\/","name":"Saucisson Lyonnais Asso","description":"","publisher":{"@id":"https:\/\/www.saucissonlyonnaisasso.fr\/#organization"},"potentialAction":[{"@type":"SearchAction","target":{"@type":"EntryPoint","urlTemplate":"https:\/\/www.saucissonlyonnaisasso.fr\/?s={search_term_string}"},"query-input":{"@type":"PropertyValueSpecification","valueRequired":true,"valueName":"search_term_string"}}],"inLanguage":"fr-FR"},{"@type":"Organization","@id":"https:\/\/www.saucissonlyonnaisasso.fr\/#organization","name":"Saucisson Lyonnais Asso","url":"https:\/\/www.saucissonlyonnaisasso.fr\/","logo":{"@type":"ImageObject","inLanguage":"fr-FR","@id":"https:\/\/www.saucissonlyonnaisasso.fr\/#\/schema\/logo\/image\/","url":"https:\/\/www.saucissonlyonnaisasso.fr\/wp-content\/uploads\/2025\/08\/cropped-ChatGPT-Image-21-mai-2025-20_15_05.png","contentUrl":"https:\/\/www.saucissonlyonnaisasso.fr\/wp-content\/uploads\/2025\/08\/cropped-ChatGPT-Image-21-mai-2025-20_15_05.png","width":512,"height":512,"caption":"Saucisson Lyonnais Asso"},"image":{"@id":"https:\/\/www.saucissonlyonnaisasso.fr\/#\/schema\/logo\/image\/"},"sameAs":["https:\/\/www.facebook.com\/saucissonlyonnais\/?locale=fr_FR"]}]}},"_links":{"self":[{"href":"https:\/\/www.saucissonlyonnaisasso.fr\/index.php\/wp-json\/wp\/v2\/pages\/69","targetHints":{"allow":["GET"]}}],"collection":[{"href":"https:\/\/www.saucissonlyonnaisasso.fr\/index.php\/wp-json\/wp\/v2\/pages"}],"about":[{"href":"https:\/\/www.saucissonlyonnaisasso.fr\/index.php\/wp-json\/wp\/v2\/types\/page"}],"author":[{"embeddable":true,"href":"https:\/\/www.saucissonlyonnaisasso.fr\/index.php\/wp-json\/wp\/v2\/users\/1"}],"replies":[{"embeddable":true,"href":"https:\/\/www.saucissonlyonnaisasso.fr\/index.php\/wp-json\/wp\/v2\/comments?post=69"}],"version-history":[{"count":13,"href":"https:\/\/www.saucissonlyonnaisasso.fr\/index.php\/wp-json\/wp\/v2\/pages\/69\/revisions"}],"predecessor-version":[{"id":406,"href":"https:\/\/www.saucissonlyonnaisasso.fr\/index.php\/wp-json\/wp\/v2\/pages\/69\/revisions\/406"}],"wp:attachment":[{"href":"https:\/\/www.saucissonlyonnaisasso.fr\/index.php\/wp-json\/wp\/v2\/media?parent=69"}],"curies":[{"name":"wp","href":"https:\/\/api.w.org\/{rel}","templated":true}]}}