{"id":352,"date":"2025-08-28T13:39:12","date_gmt":"2025-08-28T13:39:12","guid":{"rendered":"https:\/\/www.saucissonlyonnaisasso.fr\/?page_id=352"},"modified":"2025-08-29T08:28:37","modified_gmt":"2025-08-29T08:28:37","slug":"produits-saucisson-ecoles-associations","status":"publish","type":"page","link":"https:\/\/www.saucissonlyonnaisasso.fr\/index.php\/produits-saucisson-ecoles-associations\/","title":{"rendered":"Produits"},"content":{"rendered":"\n<!DOCTYPE html>\n<html lang=\"fr\">\n<head>\n<meta charset=\"utf-8\"\/>\n<meta content=\"width=device-width, initial-scale=1\" name=\"viewport\"\/>\n<title>Produits \u2014 Mission Saucisson Lyonnais | \u00c9coles &#038; associations<\/title>\n<link href=\"https:\/\/fonts.googleapis.com\" rel=\"preconnect\"\/>\n<link crossorigin=\"\" href=\"https:\/\/fonts.gstatic.com\" rel=\"preconnect\"\/>\n<link href=\"https:\/\/fonts.googleapis.com\/css2?family=Poppins:wght@400;600;800&amp;display=swap\" rel=\"stylesheet\"\/>\n<link href=\"style.css\" rel=\"stylesheet\"\/>\n<style>\n.seo-final{max-width:1200px;margin:30px auto;padding:0 18px;}\n.seo-box{background:#fff;border:2px solid rgba(123,15,20,.25);border-radius:16px;\n  padding:18px 20px;box-shadow:6px 6px 0 rgba(212,175,55,.45);\n  font-size:16px;line-height:1.7;text-align:justify}\n<\/style>\n<\/head>\n<body>\n\n<!-- Hero -->\n<section class=\"hero\" id=\"accueil\">\n  <h1>Catalogue Produits \u2014 \u00c9coles &#038; Associations<\/h1>\n<\/section>\n\n<!-- TOC -->\n<nav aria-label=\"Sommaire produits\" class=\"toc\">\n  <a href=\"#saucissons\">Saucissons<\/a>\n  <a href=\"#specialites\">Sp\u00e9cialit\u00e9s<\/a>\n  <a href=\"#corse\">Charcuterie corse<\/a>\n  <a href=\"#jambon-filet\">Jambon &#038; Filet mignon<\/a>\n  <a href=\"#terrines\">Terrines<\/a>\n  <a href=\"#fromages\">Fromages<\/a>\n  <a href=\"#magnets\">Magnets<\/a>\n<\/nav>\n\n<main class=\"wrap\" id=\"produits\">\n  <!-- === SAUCISSONS === -->\n  <section class=\"two-col\" id=\"saucissons\">\n    <div class=\"left\">\n      <h2 class=\"section-title\">Saucissons minimum 150 g<\/h2>\n      <div aria-label=\"Exemples visuels\" class=\"grid\">\n        <article class=\"card\"><span class=\"pill\">150 g<\/span><h3>Nature<\/h3><div class=\"meta\">pr\u00eat \u00e0 vendre<\/div><\/article>\n        <article class=\"card\"><span class=\"pill\">150 g<\/span><h3>Beaufort<\/h3><div class=\"meta\">Fromage<\/div><\/article>\n        <article class=\"card\"><span class=\"pill\">150 g<\/span><h3>Myrtilles<\/h3><div class=\"meta\">Original sucr\u00e9-sal\u00e9<\/div><\/article>\n      <\/div>\n      <div class=\"extras\">\n        <label for=\"saucissons-more\">Autres vari\u00e9t\u00e9s :<\/label>\n        <select class=\"extras-select\" data-group=\"saucissons\" id=\"saucissons-more\">\n          <option value=\"\">\u2014 Les autres vari\u00e9t\u00e9 \u2014<\/option>\n          <option>Fum\u00e9<\/option><option>Noix<\/option><option>Noisettes<\/option><option>Chorizo<\/option><option>Ail<\/option>\n          <option>Herbes de Provence<\/option><option>Proven\u00e7al<\/option><option>Piment d\u2019Espelette<\/option><option>Poivre<\/option>\n          <option>Figues<\/option><option>Olives<\/option><option>Ch\u00e2taignes<\/option><option>C\u00e8pes<\/option><option>Chanterelles<\/option>\n          <option>Ch\u00e8vre<\/option><option>Comt\u00e9<\/option><option>Bleu d\u2019Auvergne<\/option><option>Maroilles<\/option><option>Munster<\/option>\n          <option>Roquefort<\/option><option>Cerf<\/option><option>Sanglier<\/option><option>Canard<\/option><option>Taureau<\/option>\n          <option>Autruche<\/option><option>Campagnard<\/option><option>Cr\u00e9ole<\/option><option>Mexicain<\/option><option>Tartiflette<\/option>\n          <option>G\u00e9n\u00e9pi<\/option><option>Vigneron<\/option>\n        <\/select>\n      <\/div>\n    <\/div>\n    <div class=\"right photo-slot\">\n      <img decoding=\"async\" alt=\"Visuel Saucissons mini 150 g\" src=\"https:\/\/www.saucissonlyonnaisasso.fr\/wp-content\/uploads\/2025\/08\/saucisson-au-cerf-1_fotor-1-1024x681-1.jpg\"\/>\n    <\/div>\n  <\/section>\n\n  <!-- === SP\u00c9CIALIT\u00c9S === -->\n  <section class=\"two-col\" id=\"specialites\">\n    <div class=\"left\">\n      <h2 class=\"section-title\">Sp\u00e9cialit\u00e9s<\/h2>\n      <div class=\"grid\">\n        <article class=\"card\"><span class=\"pill\">300 g<\/span><h3>Rosette<\/h3><div class=\"meta\">Charcuterie lyonnaise<\/div><\/article>\n        <article class=\"card\"><span class=\"pill\">500 g<\/span><h3>Rosette<\/h3><div class=\"meta\">Format famille<\/div><\/article>\n        <article class=\"card\"><span class=\"pill\">800 g<\/span><h3>Noix d\u2019\u00e9paule<\/h3><div class=\"meta\">Belle pi\u00e8ce \u00e0 partager<\/div><\/article>\n      <\/div>\n      <div class=\"extras\">\n        <label for=\"specialites-more\">Autres r\u00e9f\u00e9rences :<\/label>\n        <select class=\"extras-select\" data-group=\"specialites\" id=\"specialites-more\">\n          <option value=\"\">\u2014 Les autres sp\u00e9cialit\u00e9 \u2014<\/option>\n          <option>J\u00e9sus \u00e0 l\u2019ancienne<\/option>\n          <option>Coppa<\/option>\n          <option>Lonzo <\/option>\n        <\/select>\n      <\/div>\n    <\/div>\n    <div class=\"right photo-slot\">\n      <img decoding=\"async\" alt=\"Visuel Sp\u00e9cialit\u00e9s\" src=\"https:\/\/www.saucissonlyonnaisasso.fr\/wp-content\/uploads\/2025\/08\/noix-depaule-800g-2_fotor-1-1-1024x681-1.jpg\"\/>\n    <\/div>\n  <\/section>\n\n  <!-- === CORSE === -->\n  <section class=\"two-col\" id=\"corse\">\n    <div class=\"left\">\n      <h2 class=\"section-title\">Charcuterie corse<\/h2>\n      <div class=\"grid\">\n        <article class=\"card\"><span class=\"pill\">min 350 g<\/span><h3>Lonzo<\/h3><div class=\"meta\">S\u00e9lection \u00eele de Beaut\u00e9<\/div><\/article>\n        <article class=\"card\"><span class=\"pill\">min 350 g<\/span><h3>Coppa<\/h3><div class=\"meta\">Terroir corse<\/div><\/article>\n        <article class=\"card\"><span class=\"pill\">min 200 g<\/span><h3>Figatelli<\/h3><div class=\"meta\">Authentique &#038; typ\u00e9<\/div><\/article>\n      <\/div>\n      <div class=\"extras\">\n        <label for=\"corse-more\">Autres r\u00e9f\u00e9rences :<\/label>\n        <select class=\"extras-select\" data-group=\"corse\" id=\"corse-more\">\n          <option value=\"\">\u2014 Les autres r\u00e9f\u00e9rence \u2014<\/option>\n        <\/select>\n      <\/div>\n    <\/div>\n    <div class=\"right photo-slot\">\n      <img decoding=\"async\" alt=\"Visuel Charcuterie corse\" src=\"https:\/\/www.saucissonlyonnaisasso.fr\/wp-content\/uploads\/2025\/08\/coppa-1-1024x1024-1.jpg\"\/>\n    <\/div>\n  <\/section>\n\n  <!-- === JAMBON & FILET === -->\n  <section class=\"two-col\" id=\"jambon-filet\">\n    <div class=\"left\">\n      <h2 class=\"section-title\">Jambon cru &#038; Filet mignon<\/h2>\n      <div class=\"grid\">\n        <article class=\"card\"><span class=\"pill\">min 500 g<\/span><h3>Jambon cru Portugais<\/h3><div class=\"meta\">\u2014<\/div><\/article>\n        <article class=\"card\"><span class=\"pill\">min 350 g<\/span><h3>Filet mignon \u2014 nature<\/h3><div class=\"meta\">\u2014<\/div><\/article>\n        <article class=\"card\"><span class=\"pill\">min 350 g<\/span><h3>Filet mignon \u2014 fum\u00e9<\/h3><div class=\"meta\">\u2014<\/div><\/article>\n      <\/div>\n      <div class=\"extras\">\n        <label for=\"jambon-more\">Autres r\u00e9f\u00e9rences :<\/label>\n        <select class=\"extras-select\" data-group=\"jambon\" id=\"jambon-more\">\n          <option value=\"\">\u2014 Les autres r\u00e9f\u00e9rences \u2014<\/option>\n          <option>Jambon cru Portugais 950 g<\/option>\n          <option>Jambon d\u2019Auvergne (quart)<\/option>\n          <option>Jambon ib\u00e9rique (selon arrivage)<\/option>\n        <\/select>\n      <\/div>\n    <\/div>\n    <div class=\"right photo-slot\">\n      <img decoding=\"async\" alt=\"Visuel Jambon &#038; Filet mignon\" src=\"https:\/\/www.saucissonlyonnaisasso.fr\/wp-content\/uploads\/2025\/08\/filet-mignon-nature-fume-piment-despelette_fotor-1-1-1024x681-1.jpg\"\/>\n    <\/div>\n  <\/section>\n\n  <!-- === TERRINES === -->\n  <section class=\"two-col\" id=\"terrines\">\n    <div class=\"left\">\n      <h2 class=\"section-title\">Terrines artisanales<\/h2>\n      <div class=\"grid\">\n        <article class=\"card\"><h3>Terrine au Comt\u00e9<\/h3><div class=\"meta\">Recette fromag\u00e8re<\/div><\/article>\n        <article class=\"card\"><h3>Terrine de Lapin au miel<\/h3><div class=\"meta\">Tradition &#038; douceur<\/div><\/article>\n        <article class=\"card\"><h3>Terrine de Sanglier aux myrtilles<\/h3><div class=\"meta\">Saveurs de for\u00eat<\/div><\/article>\n      <\/div>\n      <div class=\"extras\">\n        <label for=\"terrines-more\">Autres r\u00e9f\u00e9rences :<\/label>\n        <select class=\"extras-select\" data-group=\"terrines\" id=\"terrines-more\">\n          <option value=\"\">\u2014 Les autres terrines \u2014<\/option>\n          <option>Terrine des Copains (St-\u00c9milion)<\/option>\n          <option>Terrine au Roquefort &#038; noix<\/option>\n          <option>Rillettes de Canard (foie gras)<\/option>\n          <option>Terrine Lyonnaise \/ Pot-au-feu<\/option>\n          <option>Chevreuil fa\u00e7on chasseur<\/option>\n          <option>Morteau<\/option>\n          <option>Girolles<\/option>\n          <option>Canard figues<\/option>\n          <option>Canard magret fum\u00e9<\/option>\n          <option>Caprice de dinde (20% FG)<\/option>\n        <\/select>\n      <\/div>\n    <\/div>\n    <div class=\"right photo-slot\">\n      <img decoding=\"async\" alt=\"Visuel Terrines artisanales\" src=\"https:\/\/www.saucissonlyonnaisasso.fr\/wp-content\/uploads\/2025\/08\/Capture-decran-2025-08-26-a-14.36.03.png\"\/>\n    <\/div>\n  <\/section>\n\n  <!-- === FROMAGES === -->\n  <section class=\"two-col\" id=\"fromages\">\n    <div class=\"left\">\n      <h2 class=\"section-title\">Fromages (s\u00e9lection)<\/h2>\n      <div class=\"grid\">\n        <article class=\"card\"><h3>Beaufort 200 g<\/h3><div class=\"meta\">AOP<\/div><\/article>\n        <article class=\"card\"><h3>Abondance 200 g<\/h3><div class=\"meta\">AOP<\/div><\/article>\n        <article class=\"card\"><h3>Comt\u00e9 8 mois 200 g<\/h3><div class=\"meta\">AOP<\/div><\/article>\n      <\/div>\n      <div class=\"extras\">\n        <label for=\"fromages-more\">Autres r\u00e9f\u00e9rences :<\/label>\n        <select class=\"extras-select\" data-group=\"fromages\" id=\"fromages-more\">\n          <option value=\"\">\u2014 Les autre fromages \u2014<\/option>\n          <option>Tomette de montagne 250 g<\/option><option>Tomette de Savoie 380 g<\/option>\n          <option>Raclette de Savoie 360 g<\/option><option>Raclette ch\u00e8vre 250 g<\/option>\n          <option>Fondue 4 fromages 400 g<\/option><option>Morbier 250 g<\/option><option>Saint-Nectaire 350 g<\/option>\n          <option>St-Marcellin IGP Coupelle<\/option><option>Rocamadour AOP<\/option><option>Brique de brebis 200 g<\/option>\n          <option>Saint-F\u00e9licien<\/option><option>Camembert \u201cLes P\u00e2querettes\u201d<\/option><option>Cervelle de canut 150 g<\/option>\n          <option>Mini Mont d\u2019Or (hiver)<\/option><option>Trou du Cru<\/option><option>Crottin de Chavignol<\/option>\n          <option>Chabichou AOP 150 g<\/option><option>Picodon<\/option>\n        <\/select>\n      <\/div>\n    <\/div>\n    <div class=\"right photo-slot\">\n      <img decoding=\"async\" alt=\"Visuel Fromages\" src=\"https:\/\/www.saucissonlyonnaisasso.fr\/wp-content\/uploads\/2025\/08\/Comte-OK.jpeg\"\/>\n    <\/div>\n  <\/section>\n\n  <!-- === MAGNETS === -->\n  <section class=\"two-col\" id=\"magnets\">\n    <div class=\"left\">\n      <h2 class=\"section-title\">Magnets collectors<\/h2>\n      <div class=\"grid\">\n        <article class=\"card\"><h3>S\u00e9rie \u201cSuper-h\u00e9ros\u201d<\/h3><div class=\"meta\">Iron Man, etc.<\/div><\/article>\n        <article class=\"card\"><h3>S\u00e9rie \u201cCin\u00e9ma\u201d<\/h3><div class=\"meta\">GoT, Casa de Papel\u2026<\/div><\/article>\n        <article class=\"card\"><h3>S\u00e9rie \u201cCute\u201d<\/h3><div class=\"meta\">Stitch &#038; co.<\/div><\/article>\n      <\/div>\n      <div class=\"extras\">\n        <label for=\"magnets-more\">Autres s\u00e9ries :<\/label>\n        <select class=\"extras-select\" data-group=\"magnets\" id=\"magnets-more\">\n          <option value=\"\">\u2014 Les autres s\u00e9ries \u2014<\/option>\n          <option>Star Wars<\/option><option>Marvel 2<\/option><option>Football<\/option><option>Retro-Gaming<\/option>\n        <\/select>\n      <\/div>\n    <\/div>\n    <div class=\"right photo-slot\">\n      <img decoding=\"async\" alt=\"Visuel Magnets\" src=\"https:\/\/www.saucissonlyonnaisasso.fr\/wp-content\/uploads\/2025\/08\/breaking-bad.png\"\/>\n    <\/div>\n  <\/section>\n<\/main>\n\n<!-- Bloc SEO final -->\n<div class=\"seo-final\">\n  <div class=\"seo-box\">\n    <p>\n      Parcourez notre s\u00e9lection de <strong>produits saucisson \u00e9coles et associations<\/strong> : saucissons, sp\u00e9cialit\u00e9s, charcuteries corses, jambons, terrines, fromages et magnets collectors.  \n      Chaque article est pens\u00e9 pour vos ventes solidaires avec une logistique claire et des b\u00e9n\u00e9fices attractifs.  \n      Apprenez-en plus sur notre d\u00e9marche via notre \n      <a href=\"https:\/\/www.saucissonlyonnaisasso.fr\/\">page d\u2019accueil<\/a>, \n      d\u00e9couvrez notre organisation dans la section \n      <a href=\"https:\/\/www.saucissonlyonnaisasso.fr\/index.php\/fonctionnement-ventes-ecoles-associations\/\">Fonctionnement<\/a>, \n      et faites connaissance avec l\u2019\u00e9quipe sur la page \n      <a href=\"https:\/\/www.saucissonlyonnaisasso.fr\/index.php\/saucisson-associations-ecoles\/\">Qui sommes-nous<\/a>.  \n      Pour aller plus loin, explorez \u00e9galement notre site partenaire \n      <a href=\"https:\/\/www.saucisson-lyonnais.com\/\" target=\"_blank\">Saucisson Lyonnais<\/a>.\n    <\/p>\n  <\/div>\n<\/div>\n\n<script>\n  \/\/ D\u00e9mo : toast natif quand on choisit une \"autre r\u00e9f\u00e9rence\"\n  document.querySelectorAll('.extras-select').forEach(sel=>{\n    sel.addEventListener('change', e=>{\n      if(e.target.value) alert('S\u00e9lection : ' + e.target.value);\n    });\n  });\n<\/script>\n<\/body>\n<\/html>\n","protected":false},"excerpt":{"rendered":"<p>Produits \u2014 Mission Saucisson Lyonnais | \u00c9coles &#038; associations Catalogue Produits \u2014 \u00c9coles &#038; Associations Saucissons Sp\u00e9cialit\u00e9s Charcuterie corse Jambon &#038; Filet mignon Terrines Fromages Magnets Saucissons minimum 150 g 150 g Nature pr\u00eat \u00e0 vendre 150 g Beaufort Fromage 150 g Myrtilles Original sucr\u00e9-sal\u00e9 Autres vari\u00e9t\u00e9s : \u2014 Les autres vari\u00e9t\u00e9 \u2014Fum\u00e9NoixNoisettesChorizoAilHerbes de ProvenceProven\u00e7alPiment &#8230; <a title=\"Produits\" class=\"read-more\" href=\"https:\/\/www.saucissonlyonnaisasso.fr\/index.php\/produits-saucisson-ecoles-associations\/\" aria-label=\"En savoir plus sur Produits\">Lire la suite<\/a><\/p>\n","protected":false},"author":1,"featured_media":0,"parent":0,"menu_order":0,"comment_status":"closed","ping_status":"closed","template":"","meta":{"footnotes":""},"class_list":["post-352","page","type-page","status-publish"],"yoast_head":"<!-- This site is optimized with the Yoast SEO plugin v25.8 - https:\/\/yoast.com\/wordpress\/plugins\/seo\/ -->\n<title>Produits saucisson \u00e9coles et associations | Saucisson Lyonnais<\/title>\n<meta name=\"description\" content=\"D\u00e9couvrez nos produits pour les \u00e9coles et associations : saucissons, sp\u00e9cialit\u00e9s, fromages et terrines pour des ventes simples et rentables.\" \/>\n<meta name=\"robots\" content=\"index, follow, max-snippet:-1, max-image-preview:large, max-video-preview:-1\" \/>\n<link rel=\"canonical\" href=\"https:\/\/www.saucissonlyonnaisasso.fr\/index.php\/produits-saucisson-ecoles-associations\/\" \/>\n<meta property=\"og:locale\" content=\"fr_FR\" \/>\n<meta property=\"og:type\" content=\"article\" \/>\n<meta property=\"og:title\" content=\"Produits saucisson \u00e9coles et associations | Saucisson Lyonnais\" \/>\n<meta property=\"og:description\" content=\"D\u00e9couvrez nos produits pour les \u00e9coles et associations : saucissons, sp\u00e9cialit\u00e9s, fromages et terrines pour des ventes simples et rentables.\" \/>\n<meta property=\"og:url\" content=\"https:\/\/www.saucissonlyonnaisasso.fr\/index.php\/produits-saucisson-ecoles-associations\/\" \/>\n<meta property=\"og:site_name\" content=\"Saucisson Lyonnais Asso\" \/>\n<meta property=\"article:publisher\" content=\"https:\/\/www.facebook.com\/saucissonlyonnais\/?locale=fr_FR\" \/>\n<meta property=\"article:modified_time\" content=\"2025-08-29T08:28:37+00:00\" \/>\n<meta property=\"og:image\" content=\"https:\/\/www.saucissonlyonnaisasso.fr\/wp-content\/uploads\/2025\/08\/saucisson-au-cerf-1_fotor-1-1024x681-1.jpg\" \/>\n<meta name=\"twitter:card\" content=\"summary_large_image\" \/>\n<meta name=\"twitter:label1\" content=\"Dur\u00e9e de lecture estim\u00e9e\" \/>\n\t<meta name=\"twitter:data1\" content=\"4 minutes\" \/>\n<script type=\"application\/ld+json\" class=\"yoast-schema-graph\">{\"@context\":\"https:\/\/schema.org\",\"@graph\":[{\"@type\":\"WebPage\",\"@id\":\"https:\/\/www.saucissonlyonnaisasso.fr\/index.php\/produits-saucisson-ecoles-associations\/\",\"url\":\"https:\/\/www.saucissonlyonnaisasso.fr\/index.php\/produits-saucisson-ecoles-associations\/\",\"name\":\"Produits saucisson \u00e9coles et associations | Saucisson Lyonnais\",\"isPartOf\":{\"@id\":\"https:\/\/www.saucissonlyonnaisasso.fr\/#website\"},\"primaryImageOfPage\":{\"@id\":\"https:\/\/www.saucissonlyonnaisasso.fr\/index.php\/produits-saucisson-ecoles-associations\/#primaryimage\"},\"image\":{\"@id\":\"https:\/\/www.saucissonlyonnaisasso.fr\/index.php\/produits-saucisson-ecoles-associations\/#primaryimage\"},\"thumbnailUrl\":\"https:\/\/www.saucissonlyonnaisasso.fr\/wp-content\/uploads\/2025\/08\/saucisson-au-cerf-1_fotor-1-1024x681-1.jpg\",\"datePublished\":\"2025-08-28T13:39:12+00:00\",\"dateModified\":\"2025-08-29T08:28:37+00:00\",\"description\":\"D\u00e9couvrez nos produits pour les \u00e9coles et associations : saucissons, sp\u00e9cialit\u00e9s, fromages et terrines pour des ventes simples et rentables.\",\"breadcrumb\":{\"@id\":\"https:\/\/www.saucissonlyonnaisasso.fr\/index.php\/produits-saucisson-ecoles-associations\/#breadcrumb\"},\"inLanguage\":\"fr-FR\",\"potentialAction\":[{\"@type\":\"ReadAction\",\"target\":[\"https:\/\/www.saucissonlyonnaisasso.fr\/index.php\/produits-saucisson-ecoles-associations\/\"]}]},{\"@type\":\"ImageObject\",\"inLanguage\":\"fr-FR\",\"@id\":\"https:\/\/www.saucissonlyonnaisasso.fr\/index.php\/produits-saucisson-ecoles-associations\/#primaryimage\",\"url\":\"https:\/\/www.saucissonlyonnaisasso.fr\/wp-content\/uploads\/2025\/08\/saucisson-au-cerf-1_fotor-1-1024x681-1.jpg\",\"contentUrl\":\"https:\/\/www.saucissonlyonnaisasso.fr\/wp-content\/uploads\/2025\/08\/saucisson-au-cerf-1_fotor-1-1024x681-1.jpg\",\"width\":1024,\"height\":681},{\"@type\":\"BreadcrumbList\",\"@id\":\"https:\/\/www.saucissonlyonnaisasso.fr\/index.php\/produits-saucisson-ecoles-associations\/#breadcrumb\",\"itemListElement\":[{\"@type\":\"ListItem\",\"position\":1,\"name\":\"Accueil\",\"item\":\"https:\/\/www.saucissonlyonnaisasso.fr\/\"},{\"@type\":\"ListItem\",\"position\":2,\"name\":\"Produits\"}]},{\"@type\":\"WebSite\",\"@id\":\"https:\/\/www.saucissonlyonnaisasso.fr\/#website\",\"url\":\"https:\/\/www.saucissonlyonnaisasso.fr\/\",\"name\":\"Saucisson Lyonnais Asso\",\"description\":\"\",\"publisher\":{\"@id\":\"https:\/\/www.saucissonlyonnaisasso.fr\/#organization\"},\"potentialAction\":[{\"@type\":\"SearchAction\",\"target\":{\"@type\":\"EntryPoint\",\"urlTemplate\":\"https:\/\/www.saucissonlyonnaisasso.fr\/?s={search_term_string}\"},\"query-input\":{\"@type\":\"PropertyValueSpecification\",\"valueRequired\":true,\"valueName\":\"search_term_string\"}}],\"inLanguage\":\"fr-FR\"},{\"@type\":\"Organization\",\"@id\":\"https:\/\/www.saucissonlyonnaisasso.fr\/#organization\",\"name\":\"Saucisson Lyonnais Asso\",\"url\":\"https:\/\/www.saucissonlyonnaisasso.fr\/\",\"logo\":{\"@type\":\"ImageObject\",\"inLanguage\":\"fr-FR\",\"@id\":\"https:\/\/www.saucissonlyonnaisasso.fr\/#\/schema\/logo\/image\/\",\"url\":\"https:\/\/www.saucissonlyonnaisasso.fr\/wp-content\/uploads\/2025\/08\/cropped-ChatGPT-Image-21-mai-2025-20_15_05.png\",\"contentUrl\":\"https:\/\/www.saucissonlyonnaisasso.fr\/wp-content\/uploads\/2025\/08\/cropped-ChatGPT-Image-21-mai-2025-20_15_05.png\",\"width\":512,\"height\":512,\"caption\":\"Saucisson Lyonnais Asso\"},\"image\":{\"@id\":\"https:\/\/www.saucissonlyonnaisasso.fr\/#\/schema\/logo\/image\/\"},\"sameAs\":[\"https:\/\/www.facebook.com\/saucissonlyonnais\/?locale=fr_FR\"]}]}<\/script>\n<!-- \/ Yoast SEO plugin. -->","yoast_head_json":{"title":"Produits saucisson \u00e9coles et associations | Saucisson Lyonnais","description":"D\u00e9couvrez nos produits pour les \u00e9coles et associations : saucissons, sp\u00e9cialit\u00e9s, fromages et terrines pour des ventes simples et rentables.","robots":{"index":"index","follow":"follow","max-snippet":"max-snippet:-1","max-image-preview":"max-image-preview:large","max-video-preview":"max-video-preview:-1"},"canonical":"https:\/\/www.saucissonlyonnaisasso.fr\/index.php\/produits-saucisson-ecoles-associations\/","og_locale":"fr_FR","og_type":"article","og_title":"Produits saucisson \u00e9coles et associations | Saucisson Lyonnais","og_description":"D\u00e9couvrez nos produits pour les \u00e9coles et associations : saucissons, sp\u00e9cialit\u00e9s, fromages et terrines pour des ventes simples et rentables.","og_url":"https:\/\/www.saucissonlyonnaisasso.fr\/index.php\/produits-saucisson-ecoles-associations\/","og_site_name":"Saucisson Lyonnais Asso","article_publisher":"https:\/\/www.facebook.com\/saucissonlyonnais\/?locale=fr_FR","article_modified_time":"2025-08-29T08:28:37+00:00","og_image":[{"url":"https:\/\/www.saucissonlyonnaisasso.fr\/wp-content\/uploads\/2025\/08\/saucisson-au-cerf-1_fotor-1-1024x681-1.jpg","type":"","width":"","height":""}],"twitter_card":"summary_large_image","twitter_misc":{"Dur\u00e9e de lecture estim\u00e9e":"4 minutes"},"schema":{"@context":"https:\/\/schema.org","@graph":[{"@type":"WebPage","@id":"https:\/\/www.saucissonlyonnaisasso.fr\/index.php\/produits-saucisson-ecoles-associations\/","url":"https:\/\/www.saucissonlyonnaisasso.fr\/index.php\/produits-saucisson-ecoles-associations\/","name":"Produits saucisson \u00e9coles et associations | Saucisson Lyonnais","isPartOf":{"@id":"https:\/\/www.saucissonlyonnaisasso.fr\/#website"},"primaryImageOfPage":{"@id":"https:\/\/www.saucissonlyonnaisasso.fr\/index.php\/produits-saucisson-ecoles-associations\/#primaryimage"},"image":{"@id":"https:\/\/www.saucissonlyonnaisasso.fr\/index.php\/produits-saucisson-ecoles-associations\/#primaryimage"},"thumbnailUrl":"https:\/\/www.saucissonlyonnaisasso.fr\/wp-content\/uploads\/2025\/08\/saucisson-au-cerf-1_fotor-1-1024x681-1.jpg","datePublished":"2025-08-28T13:39:12+00:00","dateModified":"2025-08-29T08:28:37+00:00","description":"D\u00e9couvrez nos produits pour les \u00e9coles et associations : saucissons, sp\u00e9cialit\u00e9s, fromages et terrines pour des ventes simples et rentables.","breadcrumb":{"@id":"https:\/\/www.saucissonlyonnaisasso.fr\/index.php\/produits-saucisson-ecoles-associations\/#breadcrumb"},"inLanguage":"fr-FR","potentialAction":[{"@type":"ReadAction","target":["https:\/\/www.saucissonlyonnaisasso.fr\/index.php\/produits-saucisson-ecoles-associations\/"]}]},{"@type":"ImageObject","inLanguage":"fr-FR","@id":"https:\/\/www.saucissonlyonnaisasso.fr\/index.php\/produits-saucisson-ecoles-associations\/#primaryimage","url":"https:\/\/www.saucissonlyonnaisasso.fr\/wp-content\/uploads\/2025\/08\/saucisson-au-cerf-1_fotor-1-1024x681-1.jpg","contentUrl":"https:\/\/www.saucissonlyonnaisasso.fr\/wp-content\/uploads\/2025\/08\/saucisson-au-cerf-1_fotor-1-1024x681-1.jpg","width":1024,"height":681},{"@type":"BreadcrumbList","@id":"https:\/\/www.saucissonlyonnaisasso.fr\/index.php\/produits-saucisson-ecoles-associations\/#breadcrumb","itemListElement":[{"@type":"ListItem","position":1,"name":"Accueil","item":"https:\/\/www.saucissonlyonnaisasso.fr\/"},{"@type":"ListItem","position":2,"name":"Produits"}]},{"@type":"WebSite","@id":"https:\/\/www.saucissonlyonnaisasso.fr\/#website","url":"https:\/\/www.saucissonlyonnaisasso.fr\/","name":"Saucisson Lyonnais Asso","description":"","publisher":{"@id":"https:\/\/www.saucissonlyonnaisasso.fr\/#organization"},"potentialAction":[{"@type":"SearchAction","target":{"@type":"EntryPoint","urlTemplate":"https:\/\/www.saucissonlyonnaisasso.fr\/?s={search_term_string}"},"query-input":{"@type":"PropertyValueSpecification","valueRequired":true,"valueName":"search_term_string"}}],"inLanguage":"fr-FR"},{"@type":"Organization","@id":"https:\/\/www.saucissonlyonnaisasso.fr\/#organization","name":"Saucisson Lyonnais Asso","url":"https:\/\/www.saucissonlyonnaisasso.fr\/","logo":{"@type":"ImageObject","inLanguage":"fr-FR","@id":"https:\/\/www.saucissonlyonnaisasso.fr\/#\/schema\/logo\/image\/","url":"https:\/\/www.saucissonlyonnaisasso.fr\/wp-content\/uploads\/2025\/08\/cropped-ChatGPT-Image-21-mai-2025-20_15_05.png","contentUrl":"https:\/\/www.saucissonlyonnaisasso.fr\/wp-content\/uploads\/2025\/08\/cropped-ChatGPT-Image-21-mai-2025-20_15_05.png","width":512,"height":512,"caption":"Saucisson Lyonnais Asso"},"image":{"@id":"https:\/\/www.saucissonlyonnaisasso.fr\/#\/schema\/logo\/image\/"},"sameAs":["https:\/\/www.facebook.com\/saucissonlyonnais\/?locale=fr_FR"]}]}},"_links":{"self":[{"href":"https:\/\/www.saucissonlyonnaisasso.fr\/index.php\/wp-json\/wp\/v2\/pages\/352","targetHints":{"allow":["GET"]}}],"collection":[{"href":"https:\/\/www.saucissonlyonnaisasso.fr\/index.php\/wp-json\/wp\/v2\/pages"}],"about":[{"href":"https:\/\/www.saucissonlyonnaisasso.fr\/index.php\/wp-json\/wp\/v2\/types\/page"}],"author":[{"embeddable":true,"href":"https:\/\/www.saucissonlyonnaisasso.fr\/index.php\/wp-json\/wp\/v2\/users\/1"}],"replies":[{"embeddable":true,"href":"https:\/\/www.saucissonlyonnaisasso.fr\/index.php\/wp-json\/wp\/v2\/comments?post=352"}],"version-history":[{"count":4,"href":"https:\/\/www.saucissonlyonnaisasso.fr\/index.php\/wp-json\/wp\/v2\/pages\/352\/revisions"}],"predecessor-version":[{"id":388,"href":"https:\/\/www.saucissonlyonnaisasso.fr\/index.php\/wp-json\/wp\/v2\/pages\/352\/revisions\/388"}],"wp:attachment":[{"href":"https:\/\/www.saucissonlyonnaisasso.fr\/index.php\/wp-json\/wp\/v2\/media?parent=352"}],"curies":[{"name":"wp","href":"https:\/\/api.w.org\/{rel}","templated":true}]}}